 to base 16.
-1d0b
What is 3bc (base 16) in base 7?
2534
334402 (base 5) to base 2
10111001001100
What is -300020 (base 4) in base 6?
-22132
-461 (base 13) to base 7
-2126
-10622 (base 11) to base 16
-3c1f
-4100 (base 5) to base 13
-315
What is -641 (base 8) in base 11?
-34a
Convert -d5 (base 14) to base 9.
-227
What is -27182 (base 10) in base 3?
-1101021202
-15c2 (base 16) to base 11
-4204
What is 14241 (base 6) in base 8?
4321
Convert -10345 (base 6) to base 2.
-10110011001
Convert -f59 (base 16) to base 6.
-30105
What is -21201120 (base 4) in base 9?
-58443
What is 310 (base 4) in base 16?
34
1348 (base 9) to base 6
4412
What is -c54 (base 13) in base 14?
-a9b
222100 (base 5) to base 8
17137
Convert -11521 (base 6) to base 14.
-89b
What is 56b9 (base 12) in base 2?
10010110101101
Convert 131333 (base 4) to base 3.
2122002
27700 (base 8) to base 9
17682
Convert 2a04 (base 13) to base 14.
230c
258 (base 16) to base 15
2a0
What is -566 (base 14) in base 6?
-4542
Convert 3e7 (base 15) to base 11.
741
What is 8541 (base 9) in base 7?
24202
929 (base 12) to base 7
3606
Convert 1211330 (base 5) to base 9.
34138
32157 (base 9) to base 12
1038a
What is -1000110111 (base 2) in base 3?
-210000
What is 1940 (base 12) in base 8?
6000
What is -2287 (base 10) in base 6?
-14331
Convert -102332 (base 4) to base 12.
-852
-907 (base 12) to base 10
-1303
Convert -33446 (base 8) to base 6.
-145210
Convert 31100 (base 8) to base 11.
9735
-2103100 (base 4) to base 16
-24d0
121131 (base 4) to base 8
3135
Convert 757 (base 15) to base 2.
11001111001
What is -532 (base 15) in base 9?
-1542
What is -10111111 (base 2) in base 8?
-277
What is -1204 (base 5) in base 2?
-10110011
Convert 111111110110 (base 2) to base 4.
333312
Convert -11104 (base 14) to base 12.
-1bb28
What is -30002 (base 7) in base 14?
-28a9
Convert 273d (base 14) to base 7.
26106
1333 (base 6) to base 12
249
What is -3361 (base 8) in base 11?
-1376
Convert 3bd (base 14) to base 10.
755
1324 (base 5) to base 8
326
-1102000111 (base 3) to base 4
-12301003
13474 (base 8) to base 14
224c
-bfa (base 16) to base 6
-22110
Convert -70a (base 12) to base 9.
-1351
What is a1f0 (base 16) in base 11?
29168
Convert 411 (base 10) to base 11.
344
Convert -1226 (base 8) to base 15.
-2e2
-11144 (base 5) to base 13
-496
Convert -1633 (base 8) to base 9.
-1235
2468 (base 9) to base 12
1098
What is -10742 (base 8) in base 14?
-1950
Convert 4a14 (base 12) to base 9.
12427
297 (base 11) to base 6
1340
What is 270b1 (base 12) in base 15?
10da1
What is 10000200 (base 3) in base 13?
1008
Convert 100101001100 (base 2) to base 15.
a8a
What is 2237 (base 12) in base 3?
12012021
110020 (base 3) to base 4
11022
-523 (base 14) to base 2
-1111110011
Convert 1295 (base 13) to base 15.
bc2
-64014 (base 7) to base 4
-3312231
What is -15505 (base 10) in base 6?
-155441
4883 (base 14) to base 15
3b3e
35653 (base 7) to base 4
2100202
4a0a (base 11) to base 5
202134
Convert -1742c (base 15) to base 13.
-282c0
Convert -111010111010010 (base 2) to base 7.
-153636
Convert -114032 (base 6) to base 4.
-2123210
1101000000101011 (base 2) to base 10
53291
-8623 (base 10) to base 7
-34066
-1100101001111011 (base 2) to base 8
-145173
What is -10731 (base 15) in base 6?
-1041514
What is -11564 (base 10) in base 7?
-45500
-341321 (base 5) to base 12
-6bb2
What is -15784 (base 10) in base 15?
-4a24
Convert -202121102 (base 3) to base 8.
-35257
Convert -2476 (base 12) to base 16.
-101a
-111010001001 (base 2) to base 6
-25121
-112010111 (base 3) to base 15
-30ba
What is 130336 (base 7) in base 3?
1020011201
What is -4014 (base 6) in base 15?
-3d4
What is -123b (base 12) in base 3?
-2211102
-20614 (base 7) to base 14
-1c0b
What is 1770 (base 8) in base 6?
4412
What is -2253 (base 8) in base 4?
-102223
15043 (base 11) to base 4
11031133
What is 1354 (base 6) in base 11?
2a6
What is -2045 (base 6) in base 8?
-715
Convert -42623 (base 7) to base 10.
-10601
-507 (base 12) to base 8
-1327
21001 (base 4) to base 14
2d3
-7725 (base 12) to base 4
-3031031
Convert -137 (base 9) to base 14.
-83
Convert -43420 (base 9) to base 12.
-14799
Convert 10160 (base 7) to base 9.
3368
What is -2a3b (base 12) in base 2?
-1001101001111
Convert 21021 (base 5) to base 7.
4020
What is -d141 (base 15) in base 11?
-301a7
-448 (base 12) to base 4
-21320
Convert -4025 (base 9) to base 15.
-d0e
Convert -102330 (base 5) to base 9.
-4670
Convert -507 (base 9) to base 8.
-634
Convert 314 (base 9) to base 8.
400
Convert 222110 (base 3) to base 2.
1011001010
-334341 (base 5) to base 2
-10111001000110
1107 (base 8) to base 12
407
What is -22022211 (base 3) in base 12?
-361a
Convert -110100011101 (base 2) to base 12.
-1b39
Convert -1164 (base 12) to base 3.
-2200011
What is 2121221112 (base 3) in base 13?
1a705
What is -5262 (base 7) in base 14?
-969
Convert -1c4 (base 13) to base 11.
-27a
-63335 (base 7) to base 8
-36370
What is fd0 (base 16) in base 8?
7720
-157 (base 9) to base 7
-250
Convert 211 (base 12) to base 9.
364
-6045 (base 8) to base 7
-12031
What is 10022220 (base 3) in base 16?
97b
Convert -ab5 (base 13) to base 9.
-2462
Convert -c28b (base 14) to base 16.
-82a3
Convert 21cd (base 14) to base 8.
13351
-4520 (base 7) to base 16
-65f
Convert -a12 (base 11) to base 10.
-1223
What is 22110 (base 10) in base 12?
10966
Convert 101001001 (base 2) to base 15.
16e
737 (base 9) to base 13
373
Convert 246 (base 7) to base 6.
340
705 (base 11) to base 16
354
What is -3c4 (base 14) in base 12?
-534
-2220 (base 8) to base 10
-1168
What is -523543 (base 6) in base 5?
-2323302
Convert -110010111000011 (base 2) to base 11.
-18633
What is -1344 (base 8) in base 4?
-23210
71577 (base 8) to base 14
aabd
Convert 200132 (base 5) to base 6.
45044
-113100 (base 6) to base 12
-5790
What is 11111 (base 6) in base 16?
613
13022 (base 5) to base 8
1764
What is -3455 (base 7) in base 2?
-10011110001
536 (base 14) to base 15
488
What is -343233 (base 6) in base 2?
-111001001000101
30220 (base 5) to base 10
1935
What is -2000 (base 6) in base 3?
-121000
Convert 111200120 (base 3) to base 9.
14616
182 (base 11) to base 10
211
What is 17305 (base 8) in base 9?
11722
12340 (base 6) to base 9
2486
Convert -3932 (base 16) to base 12.
-8582
-33322122 (base 4) to base 11
-44a73
What is 62330 (base 8) in base 10?
25816
-5124 (base 7) to base 11
-1380
Convert 914 (base 12) to base 7.
3553
Convert 16015 (base 7) to base 2.
1000101110111
What is 547 (base 8) in base 16?
167
Convert 71c0 (base 13) to base 4.
3311120
Convert 331 (base 9) to base 11.
227
Convert 866 (base 13) to base 6.
10352
What is b02 (base 15) in base 6?
15245
What is -112345 (base 7) in base 13?
-91a2
Convert 1022330 (base 5) to base 11.
11a30
What is 37441 (base 10) in base 14?
d905
Convert 6484 (base 10) to base 8.
14524
5d5 (base 15) to base 8
2455
Convert -9a9 (base 12) to base 3.
-1221210
What is -5311 (base 7) in base 3?
-2120021
What is 110010010 (base 2) in base 10?
402
What is -271a (base 12) in base 2?
-1000110000110
What is 570 (base 9) in base 11?
396
Convert 7b3 (base 16) to base 7.
5514
Convert -1000000010 (base 2) to base 9.
-631
Convert 645 (base 12) to base 13.
557
-2250 (base 8) to base 15
-547
What is 562 (base 9) in base 2?
111001101
-50 (base 12) to base 11
-55
What is -981d (base 15) in base 9?
-48151
Convert -1101011000000 (base 2) to base 11.
-5166
-30211332 (base 4) to base 9
-77673
What is -32100303 (base 4) in base 6?
-1130243
-101111000 (base 2) to base 14
-1cc
-1dc (base 16) to base 9
-578
Convert -2101010 (base 3) to base 15.
-7a6
-11011111110001 (base 2) to base 15
-439b
Convert -121102 (base 3) to base 15.
-1e8
What is -84a (base 13) in base 11?
-1076
What is 281 (base 12) in base 8?
601
-2075 (base 8) to base 16
-43d
Convert 9345 (base 12) to base 5.
1003122
-212103 (base 4) to base 2
-100110010011
Convert b5 (base 13) to base 12.
104
-2314 (base 8) to base 9
-1614
24159 (base 13) to base 14
1a173
What is 759a (base 16) in base 14?
ad86
What is 18786 (base 12) in base 5?
2120140
Convert -92 (base 16) to base 9.
-172
Convert 798 (base 11) to base 10.
954
What is -1453 (base 16) in base 11?
-3a00
What is -13454 (base 8) in base 5?
-142212
Convert 843c (base 14) to base 13.
a4b1
-4939 (base 16) to base 12
-aa21
C